065663?
5065656
In base 11, what is 31a1 - 2?
319a
In base 10, what is -1652 + -13?
-1665
In base 9, what is 27 + 38731?
38758
In base 11, what is 9 - aa991?
-aa983
In base 2, what is 11010011001011000 - -100?
11010011001011100
In base 9, what is -20 - -14274?
14254
In base 13, what is -3aca71 + 3?
-3aca6b
In base 10, what is 4 + -486375?
-486371
In base 11, what is -1 + -21737?
-21738
In base 8, what is 602057 + 0?
602057
In base 15, what is b + -ada?
-ace
In base 3, what is 0 - 1010002010212?
-1010002010212
In base 10, what is 1 + -6296?
-6295
In base 15, what is dc6 - -24?
dea
In base 16, what is 295c - -1?
295d
In base 16, what is 2 - 7ef4?
-7ef2
In base 10, what is 0 + 5517?
5517
In base 13, what is 2 + 10220?
10222
In base 13, what is -2 - -5954a?
59548
In base 8, what is 4 - -7276?
7302
In base 10, what is -288 - -1287?
999
In base 11, what is -181a5 + 40?
-18165
In base 8, what is 0 - -4123077?
4123077
In base 12, what is -a86 - -34?
-a52
In base 14, what is 3 + 3c194?
3c197
In base 12, what is -5 + -625b4?
-625b9
In base 7, what is 10465 + 2513?
13311
In base 2, what is 101 - 101011000011?
-101010111110
In base 3, what is 10202220 + -220?
10202000
In base 11, what is 0 + -1091313?
-1091313
In base 11, what is 9a5 - -7a?
a74
In base 3, what is 22011010000212 + 10?
22011010000222
In base 4, what is 212020 + 2032?
220112
In base 8, what is -162 - 163?
-345
In base 6, what is -235334 - 2?
-235340
In base 10, what is -59651 + 9?
-59642
In base 2, what is 11101001010 - 1?
11101001001
In base 3, what is 1220202122 - 12?
1220202110
In base 10, what is 4 + 88016?
88020
In base 6, what is -1245123 - -10?
-1245113
In base 15, what is -e23 + -1a?
-e3d
In base 12, what is b2 + -53?
5b
In base 9, what is -260 + -487?
-757
In base 10, what is -34677 + -24?
-34701
In base 7, what is -154 + -1240?
-1424
In base 11, what is 61431 - -40?
61471
In base 7, what is 4205 + 101?
4306
In base 11, what is 1 - 12068?
-12067
In base 9, what is -5 + 30062?
30056
In base 6, what is -405151 + -42?
-405233
In base 2, what is 11100111100111101011 - 101?
11100111100111100110
In base 8, what is -2372 + -23?
-2415
In base 6, what is 3243 - -525?
4212
In base 7, what is -6 + -13346?
-13355
In base 13, what is -66 - 2b1?
-347
In base 13, what is -9c99 - 3?
-9c9c
In base 16, what is 2bb7ae - 3?
2bb7ab
In base 7, what is -26 - 25266?
-25325
In base 4, what is -230 - 11013223?
-11020113
In base 15, what is -42c + -106?
-533
In base 4, what is -11 + -3211011233?
-3211011310
In base 12, what is -2 - 19468b?
-194691
In base 6, what is 25 - 113033?
-113004
In base 10, what is 251471 + 4?
251475
In base 6, what is 51214 + -2?
51212
In base 16, what is -918b + -1?
-918c
In base 8, what is -3 - 143577?
-143602
In base 3, what is 11021 + -211001?
-122210
In base 16, what is bb + -8bf?
-804
In base 13, what is 1b4c + -b?
1b41
In base 10, what is 0 + -464?
-464
In base 8, what is 10375 - -13?
10410
In base 13, what is 6 - 7bb3?
-7baa
In base 2, what is 1000111011 - 11?
1000111000
In base 8, what is 61431 - 5?
61424
In base 12, what is 47135 - 5?
47130
In base 9, what is 3374 - -5?
3380
In base 8, what is -305413 + 13?
-305400
In base 12, what is 390125 - -8?
390131
In base 2, what is 11000111110111 - -111111?
11001000110110
In base 8, what is 33 - -140617?
140652
In base 10, what is -5 - -12559?
12554
In base 16, what is 0 - -1ce6f?
1ce6f
In base 12, what is -29 + -2a8?
-315
In base 10, what is -202 - 484?
-686
In base 4, what is -121302 - -20?
-121222
In base 2, what is -101 + -1011110011000111?
-1011110011001100
In base 13, what is 3 - 1199cc?
-1199c9
In base 6, what is 150110 + 42?
150152
In base 7, what is 0 - -133362?
133362
In base 4, what is 10 + -13312313?
-13312303
In base 7, what is 3 - 2143622?
-2143616
In base 8, what is 72 - 2171?
-2077
In base 4, what is -313010002 + -2?
-313010010
In base 12, what is -323a - 184?
-3402
In base 10, what is -10 - 25874?
-25884
In base 10, what is 20 - 4513?
-4493
In base 16, what is -b43a6c - -1?
-b43a6b
In base 4, what is 1203332 + 3?
1210001
In base 5, what is 120432 + -40?
120342
In base 10, what is 2520 + -21?
2499
In base 14, what is 79 + -103?
-68
In base 11, what is 5 - -34296?
342a0
In base 16, what is -7176e + 2?
-7176c
In base 10, what is -42630 + 5?
-42625
In base 7, what is 10630 - -205?
11135
In base 13, what is 9 - -16409?
16415
In base 13, what is -1980 + 1a?
-1963
In base 10, what is -4 + -22100?
-22104
In base 14, what is 9b + 282?
33d
In base 3, what is -120200101 + 20010?
-120110021
In base 4, what is -20 - 221211?
-221231
In base 2, what is -10000 + 111010111100?
111010101100
In base 5, what is 3 + -102144231?
-102144223
In base 13, what is 1 + 107c54?
107c55
In base 9, what is -2360466 - 3?
-2360470
In base 10, what is 3 - -50287?
50290
In base 7, what is -2 - 1000033?
-1000035
In base 12, what is -4 + 1a587?
1a583
In base 10, what is 85810 + -2?
85808
In base 4, what is -1 - -3003212?
3003211
In base 10, what is 6894 - 46?
6848
In base 12, what is -62 + -22a8?
-234a
In base 13, what is -52a6 - -34?
-5272
In base 3, what is -22212221 + 20?
-22212201
In base 7, what is 5251 - 541?
4410
In base 2, what is 100 + -1001111011000111?
-1001111011000011
In base 13, what is 27b08 - 2?
27b06
In base 7, what is -166104 - 2?
-166106
In base 11, what is -221 - -3749?
3528
In base 7, what is 5 + -111056?
-111051
In base 15, what is 4c + -77?
-2a
In base 11, what is 2829aa + 5?
282a04
In base 12, what is 15a912 - 4?
15a90a
In base 14, what is -3a5a + -2?
-3a5c
In base 15, what is -330 + 174?
-1ab
In base 6, what is -42 - -1114424?
1114342
In base 13, what is -b7 + 552?
468
In base 15, what is -1 - -d89a?
d899
In base 5, what is -32211234 + -3?
-32211242
In base 11, what is -4a299 + 0?
-4a299
In base 14, what is -1139 - -29?
-1110
In base 4, what is -311002 - 111?
-311113
In base 4, what is -11 + 1332110?
1332033
In base 7, what is -1554 - -162?
-1362
In base 13, what is 7 + 1143?
114a
In base 12, what is -7b6 - 25?
-81b
In base 16, what is 453 - 6?
44d
In base 13, what is -1957 - b1?
-1a38
In base 16, what is -355 + dc?
-279
In base 15, what is -5 - 2671e?
-26724
In base 11, what is -109 + 753?
645
In base 15, what is -9 - bd24?
-bd2d
In base 14, what is 5a + -578?
-51c
In base 11, what is 14165 + -5?
14160
In base 4, what is 310202302 - -101?
310203003
In base 3, what is -11022011 + -1101?
-11100112
In base 3, what is 122 + -2111012?
-2110120
In base 4, what is -2 + 201220330?
201220322
In base 16, what is -2c + fd69?
fd3d
In base 16, what is -6ae3 + e?
-6ad5
In base 5, what is -112 + -11212?
-11324
In base 3, what is 0 - 10201222201?
-10201222201
In base 5, what is -100304 + 2022?
-43232
In base 9, what is 16324 - 5?
16318
In base 16, what is -765 + -2b?
-790
In base 8, what is -22 - 263277?
-263321
In base 2, what is 10111001 - -100000111101?
100011110110
In base 15, what is 15bb + 2?
15bd
In base 7, what is 1206554 + 3?
1206560
In base 6, what is 30 - 2225325?
-2225255
In base 8, what is 5 - 77615?
-77610
In base 8, what is -5570261 - -5?
-5570254
In base 6, what is 53304 - -1005?
54313
In base 3, what is -2000100110 + 10?
-2000100100
In base 11, what is -3 - 35870?
-35873
In base 12, what is -41 + a55?
a14
In base 11, what is 1664 - a?
1655
In base 15, what is e9 - a?
de
In base 6, what is -25 + -42424?
-42453
In base 16, what is -8d1 + 3?
-8ce
In base 15, what is 10c + 28?
135
In base 12, what is 1a87 + 2a?
1ab5
In base 10, what is -1438 + -24?
-1462
In base 6, what is -1025 - 14240?
-15305
In base 10, what is -1184 - -67?
-1117
In base 12, what is -2 + 24372?
24370
In base 5, what is 2314 - -21?
2340
In base 2, what is -110110110101111001 - -10?
-110110110101110111
In base 13, what is -1a + -709bc?
-70a09
In base 7, what is 404001 - 3?
403665
In base 16, what is -2 + -3a333?
-3a335
In base 13, what is -1187 - -85?
-1102
In base 7, what is -305042 + 5?
-305034
In base 12, what is aa - -2708?
27b6
In base 15, what is -4 - -a8a3?
a89e
In base 9, what is -308 + -137?
-446
In base 11, what is -88 + 517?
43a
In base 10, what is -76449 - 2?
-76451
In base 9, what is 28457 + -3?
28454
In base 11, what is 2a1a + 2?
2a21
In base 3, what is -12000210212 + 2001?
-12000201211
In base 4, what is -10212220 - 221?
-10213101
In base 4, w